{"id":2289,"date":"2025-03-18T21:50:55","date_gmt":"2025-03-18T20:50:55","guid":{"rendered":"https:\/\/promgaz.pl\/?page_id=2289"},"modified":"2026-03-13T09:23:53","modified_gmt":"2026-03-13T08:23:53","slug":"specjalne-cennik","status":"publish","type":"page","link":"https:\/\/promgaz.pl\/index.php\/specjalne-cennik\/","title":{"rendered":"Promienniki specjalne &#8211; cennik"},"content":{"rendered":"\t\t<div data-elementor-type=\"wp-post\" data-elementor-id=\"2289\" class=\"elementor elementor-2289\">\n\t\t\t\t\t\t<div class=\"elementor-inner\">\n\t\t\t\t<div class=\"elementor-section-wrap\">\n\t\t\t\t\t\t\t\t\t<section class=\"elementor-section elementor-top-section elementor-element elementor-element-9258f24 elementor-section-stretched elementor-section-boxed elementor-section-height-default elementor-section-height-default\" data-id=\"9258f24\" data-element_type=\"section\" data-settings=\"{&quot;stretch_section&quot;:&quot;section-stretched&quot;,&quot;background_background&quot;:&quot;classic&quot;}\">\n\t\t\t\t\t\t<div class=\"elementor-container elementor-column-gap-default\">\n\t\t\t\t\t\t\t<div class=\"elementor-row\">\n\t\t\t\t\t<div class=\"elementor-column elementor-col-100 elementor-top-column elementor-element elementor-element-3668079\" data-id=\"3668079\" data-element_type=\"column\">\n\t\t\t<div class=\"elementor-column-wrap elementor-element-populated\">\n\t\t\t\t\t\t\t<div class=\"elementor-widget-wrap\">\n\t\t\t\t\t\t<div class=\"elementor-element elementor-element-b7b2f6d elementor-widget elementor-widget-heading\" data-id=\"b7b2f6d\" data-element_type=\"widget\" data-widget_type=\"heading.default\">\n\t\t\t\t<div class=\"elementor-widget-container\">\n\t\t\t<style>\/*! elementor - v3.14.0 - 18-06-2023 *\/\n.elementor-heading-title{padding:0;margin:0;line-height:1}.elementor-widget-heading .elementor-heading-title[class*=elementor-size-]>a{color:inherit;font-size:inherit;line-height:inherit}.elementor-widget-heading .elementor-heading-title.elementor-size-small{font-size:15px}.elementor-widget-heading .elementor-heading-title.elementor-size-medium{font-size:19px}.elementor-widget-heading .elementor-heading-title.elementor-size-large{font-size:29px}.elementor-widget-heading .elementor-heading-title.elementor-size-xl{font-size:39px}.elementor-widget-heading .elementor-heading-title.elementor-size-xxl{font-size:59px}<\/style><h2 class=\"elementor-heading-title elementor-size-default\">Promienniki specjalne<\/h2>\t\t<\/div>\n\t\t\t\t<\/div>\n\t\t\t\t<div class=\"elementor-element elementor-element-412401f elementor-widget elementor-widget-square-plus-content-slider\" data-id=\"412401f\" data-element_type=\"widget\" data-widget_type=\"square-plus-content-slider.default\">\n\t\t\t\t<div class=\"elementor-widget-container\">\n\t\t\t        <div class=\"el-style2 el-news-wrap owl-carousel el-clearfix\" data-params='{\"autoplay\":true,\"pause_on_hover\":true,\"loop\":true,\"speed\":500,\"pause\":5000}'>\n                                <div class=\"el-news\">\n                                                    <div class=\"el-news-image\">\n                                <img decoding=\"async\" src=\"https:\/\/promgaz.pl\/wp-content\/uploads\/2023\/04\/564.jpg\" title=\"promiennk do naprawy asfaltu\" alt=\"promiennk do naprawy asfaltu\" loading=\"lazy\" \/>                            <\/div>\n                        \n                        <div class=\"el-news-content\">\n                            <h5 class=\"el-news-title\">Promiennik do naprawy asfaltu<\/h5>\n\n                            <div class=\"el-news-text\">\n                                <p><strong><em>Rodzaj gazu: <\/em><\/strong>Propan-Butan\u00a0 <br \/><strong><em>Moc nominalna: <\/em><\/strong>25 kW<br \/><strong><em>Zu\u017cycie <\/em><\/strong><strong><em>gazu:<\/em><\/strong> 1,7kg\/h<br \/><strong><em>Ci\u015bnienie robocze gazu: <\/em><\/strong>37 mbar<br \/><strong><em>Waga: <\/em><\/strong>55kg, waga do wysy\u0142ki 70 kg<br \/><strong><em>Wymiary [wysoko\u015b\u0107\/szeroko\u015b\u0107\/g\u0142\u0119boko\u015b\u0107]:\u00a0<\/em><\/strong>900mm\/590mm\/1650mm\u00a0<\/p>\n                            <\/div>\n\n                            \t\n                                <a class=\"el-news-link\" href=\"mailto:biuro@promgaz.pl\">Zapytaj o cen\u0119 \u27a1\ufe0f biuro@promgaz.pl<i class=\"ei arrow_right\"><\/i><\/a>\n                                                    <\/div>\n\n                                            <\/div>\n                            <\/div>\n        \t\t<\/div>\n\t\t\t\t<\/div>\n\t\t\t\t\t\t<\/div>\n\t\t\t\t\t<\/div>\n\t\t<\/div>\n\t\t\t\t\t\t\t\t<\/div>\n\t\t\t\t\t<\/div>\n\t\t<\/section>\n\t\t\t\t\t\t\t\t\t<\/div>\n\t\t\t<\/div>\n\t\t\t\t\t<\/div>\n\t\t","protected":false},"excerpt":{"rendered":"<p>Promienniki specjalne Promiennik do naprawy asfaltu Rodzaj gazu: Propan-Butan\u00a0 Moc nominalna: 25 kWZu\u017cycie gazu: 1,7kg\/hCi\u015bnienie robocze gazu: 37 mbarWaga: 55kg, waga do wysy\u0142ki 70 kgWymiary [wysoko\u015b\u0107\/szeroko\u015b\u0107\/g\u0142\u0119boko\u015b\u0107]:\u00a0900mm\/590mm\/1650mm\u00a0 Zapytaj o cen\u0119 \u27a1\ufe0f biuro@promgaz.pl<\/p>\n","protected":false},"author":1,"featured_media":0,"parent":0,"menu_order":0,"comment_status":"closed","ping_status":"closed","template":"","meta":{"footnotes":""},"class_list":["post-2289","page","type-page","status-publish","hentry"],"_links":{"self":[{"href":"https:\/\/promgaz.pl\/index.php\/wp-json\/wp\/v2\/pages\/2289","targetHints":{"allow":["GET"]}}],"collection":[{"href":"https:\/\/promgaz.pl\/index.php\/wp-json\/wp\/v2\/pages"}],"about":[{"href":"https:\/\/promgaz.pl\/index.php\/wp-json\/wp\/v2\/types\/page"}],"author":[{"embeddable":true,"href":"https:\/\/promgaz.pl\/index.php\/wp-json\/wp\/v2\/users\/1"}],"replies":[{"embeddable":true,"href":"https:\/\/promgaz.pl\/index.php\/wp-json\/wp\/v2\/comments?post=2289"}],"version-history":[{"count":14,"href":"https:\/\/promgaz.pl\/index.php\/wp-json\/wp\/v2\/pages\/2289\/revisions"}],"predecessor-version":[{"id":2953,"href":"https:\/\/promgaz.pl\/index.php\/wp-json\/wp\/v2\/pages\/2289\/revisions\/2953"}],"wp:attachment":[{"href":"https:\/\/promgaz.pl\/index.php\/wp-json\/wp\/v2\/media?parent=2289"}],"curies":[{"name":"wp","href":"https:\/\/api.w.org\/{rel}","templated":true}]}}